 + -2 + 9. Suppose -4*z + 99 = -r*c + 11, -n*c + 53 = 3*z. Calculate the highest common factor of z and 3.
3
Suppose 8 = 4*v, -3*v = u - 5*u + 42. What is the greatest common divisor of 39 and u?
3
Suppose 0 = 2*z - 304 + 290. Calculate the highest common factor of 28 and z.
7
Let r = 5 + 4. Suppose i - 31 = 4*z, -3*z + 5*z + 2 = 0. Calculate the greatest common divisor of i and r.
9
Let t be ((-26)/52)/(2/(-28)). Calculate the greatest common factor of t and 7.
7
Suppose 14 = 4*w + 142. Let n = 98 + w. Calculate the greatest common factor of 99 and n.
33
Let p(o) = -4*o**2 - 19*o + 6. Let z be p(-5). Let f be z/(42/12) - (-108)/14. What is the highest common factor of 4 and f?
4
Let y(i) = -2*i**2 - 6*i + 40. Let j(z) = -z**2 - 4*z + 27. Let a(f) = 7*j(f) - 5*y(f). Let u be a(4). Calculate the highest common factor of u and 90.
45
Suppose o = 4*o - 6. Suppose 2*a - 46 = -o*i, -3*i - 46 - 18 = -4*a. Calculate the greatest common factor of a and 209.
19
Suppose -26*m = -23*m - 240. Suppose -7*s = r - 3*s - 25, 3*s - 35 = -2*r. Let p = r - 3. Calculate the greatest common divisor of p and m.
10
Let g = -439 + 442. Calculate the highest common factor of 19 and g.
1
Let x(u) = -3*u**3 + 3*u - 2. Let d be x(-3). Let g(i) = -12 + 9 - 21 - 13*i. Let w be g(-4). What is the greatest common divisor of d and w?
14
Suppose 2*d + 244 = 5*i, 6*d = 4*i + 5*d - 194. Let x be 24/5*15/3. What is the highest common factor of i and x?
24
Suppose 2 + 0 = -q, -5*q = -c + 17. Let m(j) = -j**3 + 7*j**2 + 3*j - 17. Let a be m(c). Calculate the greatest common divisor of a and 16.
4
Suppose -1 = -10*i + 119. Calculate the highest common divisor of i and 21.
3
Let y(d) = -12*d - 74. Let c be (-120)/14 - (90/14 + -6). Let k be y(c). Let s be (68/6)/(4/30). Calculate the highest common divisor of s and k.
17
Let v(d) = 7*d**3 - 2*d**2 - d + 2. Let n be v(-1). Let l be (-4 - 8)*76/n. Calculate the greatest common factor of l and 19.
19
Let r = -844 + 1042. What is the highest common factor of 33 and r?
33
Suppose -6 - 55 = -4*p + 5*x, -5*p + 25 = 4*x. Let l(g) = -g**2 + 7*g + 22. Let b be l(p). What is the greatest common factor of 36 and b?
4
Let f = -5 - 1. Suppose -4*m = -0*m + 60. Let r be (-80)/f - (-5)/m. What is the greatest common factor of 130 and r?
13
Suppose -10*k + 7 = -9*k. Let c be 13/(-91) - (-1261)/k. Calculate the greatest common divisor of 36 and c.
36
Let b(m) = 4*m - 41. Let s be b(-7). Let p = 131 + s. Calculate the greatest common divisor of p and 31.
31
Let b(h) = -h**2 - 23*h + 56. Let v be b(-25). Suppose v*d - 48 = -12. What is the highest common factor of 2 and d?
2
Suppose 39*l + 4*z + 48 = 41*l, -5*l - 5*z = -150. Calculate the greatest common divisor of 42 and l.
14
Let q(t) = -t + 1. Let n(w) = -w**2 + 13*w - 17. Let a(f) = -n(f) - 6*q(f). Let x be a(8). What is the highest common divisor of x and 190?
19
Let u = 984 - 959. Calculate the highest common factor of 25 and u.
25
Let o = 91 + -76. Calculate the highest common factor of 135 and o.
15
Let j be 5 + 61 + (-3)/(2 + -3). Calculate the greatest common divisor of j and 3.
3
Let g be -90 - (4/(-3))/((-22)/33). Let m = g + 100. What is the highest common divisor of 4 and m?
4
Let l = -45 - -47. Suppose l*y - 224 = -14. What is the greatest common factor of y and 15?
15
Let u(a) = -a**3 + 11*a**2 - 13*a + 30. Let b be u(6). What is the greatest common factor of 22 and b?
22
Suppose 152 = 4*w + 4*h, 3*h = -w + 51 - 7. Let g = 5983 - 5913. Calculate the highest common factor of w and g.
35
Let i(h) = 6*h + 260. Let l be i(-39). Calculate the highest common divisor of l and 2.
2
Suppose 64*t = 68*t - 1488. Calculate the greatest common factor of 12 and t.
12
Suppose -2*g + 30 = 2*w, w + 9 - 39 = 4*g. Calculate the highest common divisor of 54 and w.
18
Suppose 0 = 4*p - 2*j - 80, -54 - 46 = -5*p + 2*j. Let a be (6 - 3)/((-75)/(-200)). What is the greatest common factor of p and a?
4
Let d be (-4 - (-9)/1) + -3. Let w be (-3)/9*-21 + d. Calculate the highest common factor of w and 9.
9
Suppose -8 + 23 = 5*z. Suppose -3*n - 4 = w, -w + 2 = -z*n - 6. Let x(j) = 5*j - 1. Let y be x(3). What is the highest common factor of w and y?
2
Let n be ((-3)/6 + 1)*58. Suppose 54 = r + n. What is the greatest common factor of r and 5?
5
Let x = 124 - 54. Let d = -14 + 21. Suppose -3*y = -4*l - 46, 3*y - d - 15 = -2*l. Calculate the greatest common divisor of x and y.
10
Let f = 702 + -689. Calculate the greatest common factor of 377 and f.
13
Suppose 780 = -4*s + 808. Suppose -579 = 2*u + u. Let p = u - -270. Calculate the greatest common factor of p and s.
7
Suppose -v + 27*r - 25*r = -4, -23 = -2*v - r. Calculate the highest common factor of v and 1.
1
Suppose 108*j = 85*j + 1288. What is the greatest common factor of j and 350?
14
Suppose 348 = -4*i + 408. What is the highest common factor of 15 and i?
15
Let x = 9 + -11. Let v be ((-29)/x)/(1/(-2)). Let q = 59 + v. What is the greatest common factor of 6 and q?
6
Suppose -3*c + 33 = -0*c. Suppose 47*i - 484 = 43*i. Calculate the greatest common factor of i and c.
11
Let r = 2491 - 1766. What is the greatest common factor of 29 and r?
29
Suppose -3*z + 1420 = 5*d, -5*d - 981 = -2*z - 76. Calculate the highest common divisor of 15 and z.
15
Suppose 0 = -17*s - 12*s + 87. What is the greatest common divisor of 114 and s?
3
Let t(q) = q**2 + 4*q + 7. Let k be t(-3). Let x be (16/(-10) + 1)/(k/(-180)). Calculate the highest common divisor of 3 and x.
3
Let u(x) = x**3 - 12*x**2 - 40*x + 45. Let r be u(15). Calculate the greatest common divisor of r and 45.
15
Let q = -32 + 77. Suppose -3 = -4*o + 5*o + 2*c, 5*o + 4*c + q = 0. Let x = o - -15. Calculate the greatest common divisor of 8 and x.
2
Let s(q) = 8*q**2 - 9*q - 33. Let f(j) = 33*j**2 - 36*j - 131. Let l(o) = -2*f(o) + 9*s(o). Let t be l(-5). What is the greatest common factor of 10 and t?
10
Suppose x + 4*a = a - 5, 0 = -5*a - 25. Calculate the greatest common factor of x and 1570.
10
Let n = -618 + 750. What is the greatest common factor of 18 and n?
6
Let y = -17 + 26. Let m(n) = 2*n**2 - 10*n - 63. Let f be m(-4). What is the highest common divisor of f and y?
9
Let h = -14 + 14. Let v be h/2 + 15/3. Suppose 2*k - 7*b + 1 = -4*b, 2*b + 3 = v*k. Calculate the greatest common divisor of 2 and k.
1
Let v(u) = -6*u - 8. Suppose -3*x + 2*b = 3*b - 85, 5*b = 5*x - 155. Let c = x + -35. Let r be v(c). What is the highest common factor of 70 and r?
14
Let q(y) = y + 3. Let a be 1/1*(-7 - 1). Let z be q(a). Let m be -54*-2*z/(-10). Calculate the highest common factor of 6 and m.
6
Let d be 2/9 - 8*(-4)/18. Let x be 3/d*(1 - 0 - -161). What is the greatest common factor of x and 27?
27
Let f(x) = -x**3 - 7*x**2 - 11*x + 6. Let p be f(-5). Calculate the greatest common factor of p and 88.
11
Suppose 0 = 4*y + 4*i + 628, -3*i = -5*y + 2*i - 755. Let w be 12/72 - y/12. Suppose -3*s - 51 = -207. What is the highest common divisor of s and w?
13
Let h = -30 + 44. Let n be -2*(9/(-6) + 0). Suppose 4*q = n*q + 56. What is the highest common divisor of q and h?
14
Let m be 65/15 - 1/3. Suppose -2*s - 5*b - 5 = s, -3*s + m = -4*b. Let a(n) = n**2 + n + 72. Let k be a(s). What is the greatest common factor of k and 18?
18
Let g(q) = -q**3 + 6*q**2 - q + 7. Let l be g(6). Let u = l + 47. Suppose -203 - 229 = -18*w. What is the greatest common factor of w and u?
24
Suppose -3*q - 2*q = -10. Suppose 3*b = 5*u - 0*u + 22, -b = -q*u - 8. Let g be 0 - (2 + u - 4). What is the highest common divisor of 2 and g?
2
Let w(c) = 2*c**3 + 30*c**2 - 11*c - 72. Let q be w(-15). Calculate the greatest common factor of q and 21.
3
Let x(p) = 3*p - 13. Let q be x(10). Let b(n) = -n**3 + n + 153. Let m(l) = l - 3. Let k be m(3). Let i be b(k). What is the greatest common divisor of i and q?
17
Suppose 2*h - 8250 = -8*h. Calculate the highest common divisor of 110 and h.
55
Let p(j) = -j**2 + 17*j + 22. Let i be p(15). What is the greatest common factor of i and 78?
26
Let m(n) = n - 10 + 9 + 3*n. Let g be m(1). Calculate the greatest common divisor of g and 24.
3
Let a(v) = -2*v**3 - 2*v**2 - 4*v - 4. Let d = -40 - -36. Let c be a(d). Calculate the highest common divisor of 27 and c.
27
Suppose 16*o = 15*o. Let s be ((-266)/(-95))